{"id":1270,"date":"2014-08-16T10:31:40","date_gmt":"2014-08-16T08:31:40","guid":{"rendered":"http:\/\/posicuarta.org\/cartasblog\/?page_id=1270"},"modified":"2017-09-22T10:42:59","modified_gmt":"2017-09-22T08:42:59","slug":"revista-dialogo","status":"publish","type":"page","link":"https:\/\/posicuarta.org\/cartasblog\/revista-dialogo\/","title":{"rendered":"Revista Di\u00e1logo"},"content":{"rendered":"<p style=\"text-align: justify;\"><a href=\"http:\/\/posicuarta.org\/cartasblog\/wp-content\/uploads\/2014\/08\/CabeceraDialogo.png\" target=\"_blank\" rel=\"noopener\"><img loading=\"lazy\" decoding=\"async\" class=\"alignleft wp-image-1271\" src=\"http:\/\/posicuarta.org\/cartasblog\/wp-content\/uploads\/2014\/08\/CabeceraDialogo.png\" alt=\"CabeceraDialogo\" width=\"210\" height=\"125\" srcset=\"https:\/\/posicuarta.org\/cartasblog\/wp-content\/uploads\/2014\/08\/CabeceraDialogo.png 419w, https:\/\/posicuarta.org\/cartasblog\/wp-content\/uploads\/2014\/08\/CabeceraDialogo-150x89.png 150w, https:\/\/posicuarta.org\/cartasblog\/wp-content\/uploads\/2014\/08\/CabeceraDialogo-300x178.png 300w\" sizes=\"auto, (max-width: 210px) 100vw, 210px\" \/><\/a>La revista <a href=\"http:\/\/www.dialogue-review.com\" target=\"_blank\" rel=\"noopener\"><strong>DI\u00c1LOGO<\/strong><\/a> se publica por iniciativa de los partidarios de la idea de que un solo Estado es la \u00fanica soluci\u00f3n democr\u00e1tica posible, y del derecho al retorno de los seis millones de palestinos que en la actualidad viven en el exilio. La revista <strong>DI\u00c1LOGO<\/strong> no tiene m\u00e1s objetivo que ayudar a que se desarrolle esta discusi\u00f3n en el movimiento obrero y democr\u00e1tico a escala internacional.<\/p>\n<p style=\"text-align: justify;\"><!--more--><\/p>\n<p style=\"text-align: justify;\">Lista de n\u00fameros para descargar PDF en castellano:<\/p>\n<ul>\n<li><a href=\"http:\/\/posicuarta.org\/cartasblog\/wp-content\/uploads\/2017\/08\/Dialogo41.pdf\" target=\"_blank\" rel=\"noopener\">Numero 41 &#8211; julio de 2017<\/a><\/li>\n<li><a href=\"http:\/\/www.posicuarta.org\/pdf\/Dialogo40.pdf\" target=\"_blank\" rel=\"noopener\">N\u00famero 40 &#8211; marzo de 2017<\/a><\/li>\n<li><a href=\"http:\/\/www.posicuarta.org\/pdf\/Dialogo37.pdf\" target=\"_blank\" rel=\"noopener\">N\u00famero 37 &#8211; enero de 2015<\/a><\/li>\n<li><a href=\"http:\/\/www.posicuarta.org\/pdf\/Dialogo36.pdf\" target=\"_blank\" rel=\"noopener\">N\u00famero 36 &#8211; octubre de 2014<\/a><\/li>\n<li><a href=\"http:\/\/www.posicuarta.org\/pdf\/Dialogo35.pdf\" target=\"_blank\" rel=\"noopener\">N\u00famero 35 &#8211; julio de 2014<\/a><\/li>\n<\/ul>\n<p><strong><span style=\"color: #ffffff;\">Desde esta Carta Semanal invitamos a nuestros lectores a apoyar esta revista, foro de debate, facilitando su publicaci\u00f3n y extensi\u00f3n. Es una herramienta m\u00e1s en manos del movimiento obrero para extrechar lazos con nuestros hermanos \u00e1rabes y palestinos, apoyando su lucha que es la nuestra.<\/span><\/strong><\/p>\n<div style=\"background-color: #999;\">\n<p style=\"margin: 15px; padding: 15px; text-align: justify;\"><em><strong><span style=\"color: #ffffff;\">Podr\u00e9is recibir DI\u00c1LOGO trimestralmente en castellano en vuestro correo electr\u00f3nico mediante un abono anual de 16\u20ac o por correo postal a\u00f1adiendo los gastos de env\u00edo. Pod\u00e9is dirigiros a inforposi@gmail.com para solicitar el abono o mediante los canales que habitualmente utiliza\u00eds para contactar con nosotros.<br \/>\n<\/span><\/strong><\/em><\/p>\n<\/div>\n","protected":false},"excerpt":{"rendered":"<p>La revista DI\u00c1LOGO se publica por iniciativa de los partidarios de la idea de que un solo Estado es la \u00fanica soluci\u00f3n democr\u00e1tica posible, y del derecho al retorno de los seis millones de palestinos que en la actualidad viven en el exilio. La revista DI\u00c1LOGO no tiene m\u00e1s objetivo que ayudar a que se [&hellip;]<\/p>\n","protected":false},"author":1,"featured_media":0,"parent":0,"menu_order":0,"comment_status":"open","ping_status":"open","template":"page-templates\/full-width.php","meta":{"ngg_post_thumbnail":0,"footnotes":""},"class_list":["post-1270","page","type-page","status-publish","hentry"],"aioseo_notices":[],"_links":{"self":[{"href":"https:\/\/posicuarta.org\/cartasblog\/wp-json\/wp\/v2\/pages\/1270","targetHints":{"allow":["GET"]}}],"collection":[{"href":"https:\/\/posicuarta.org\/cartasblog\/wp-json\/wp\/v2\/pages"}],"about":[{"href":"https:\/\/posicuarta.org\/cartasblog\/wp-json\/wp\/v2\/types\/page"}],"author":[{"embeddable":true,"href":"https:\/\/posicuarta.org\/cartasblog\/wp-json\/wp\/v2\/users\/1"}],"replies":[{"embeddable":true,"href":"https:\/\/posicuarta.org\/cartasblog\/wp-json\/wp\/v2\/comments?post=1270"}],"version-history":[{"count":13,"href":"https:\/\/posicuarta.org\/cartasblog\/wp-json\/wp\/v2\/pages\/1270\/revisions"}],"predecessor-version":[{"id":2934,"href":"https:\/\/posicuarta.org\/cartasblog\/wp-json\/wp\/v2\/pages\/1270\/revisions\/2934"}],"wp:attachment":[{"href":"https:\/\/posicuarta.org\/cartasblog\/wp-json\/wp\/v2\/media?parent=1270"}],"curies":[{"name":"wp","href":"https:\/\/api.w.org\/{rel}","templated":true}]}}